{"id":14617,"date":"2026-02-05T16:45:07","date_gmt":"2026-02-05T16:45:07","guid":{"rendered":"https:\/\/lynx.legal\/team\/eva-dvorakova\/"},"modified":"2026-08-05T10:54:09","modified_gmt":"2026-08-05T10:54:09","slug":"eva-dvorakova","status":"publish","type":"team","link":"https:\/\/lynx.legal\/cs\/t\u00fdm\/eva-dvorakova\/","title":{"rendered":"Eva Dvo\u0159\u00e1kov\u00e1"},"content":{"rendered":"\n<p class=\"wp-block-paragraph\">Eva Dvo\u0159\u00e1kov\u00e1 poskytuje klient\u016fm poradenstv\u00ed v cel\u00e9m spektru ot\u00e1zek obchodn\u00edho a korpor\u00e1tn\u00edho pr\u00e1va. Jej\u00ed praxe se zam\u011b\u0159uje na strukturov\u00e1n\u00ed spole\u010dnost\u00ed, transak\u010dn\u00ed \u010dinnost a pr\u016fb\u011b\u017en\u00e9 pot\u0159eby dodr\u017eov\u00e1n\u00ed p\u0159edpis\u016f pro podniky p\u016fsob\u00edc\u00ed na \u010desk\u00e9m trhu. Jej\u00ed p\u0159\u00edstup je praktick\u00fd a zam\u011b\u0159en\u00fd na \u0159e\u0161en\u00ed, kter\u00e1 klient\u016fm pom\u00e1haj\u00ed orientovat se v regula\u010dn\u00edch po\u017eadavc\u00edch a z\u00e1rove\u0148 dosahovat jejich obchodn\u00edch c\u00edl\u016f. Jej\u00ed trojjazy\u010dn\u00e9 schopnosti zaji\u0161\u0165uj\u00ed jasnou komunikaci se z\u00fa\u010dastn\u011bn\u00fdmi stranami nap\u0159\u00ed\u010d r\u016fzn\u00fdmi trhy.   <\/p>\n\n<p class=\"wp-block-paragraph\">Od sv\u00e9ho n\u00e1stupu do pra\u017esk\u00e9 kancel\u00e1\u0159e v roce 2016 z\u00edskala Eva siln\u00e9 zku\u0161enosti s podporou dom\u00e1c\u00edch i mezin\u00e1rodn\u00edch klient\u016f v r\u00e1mci firemn\u00edch transformac\u00ed. Z\u00edskala magistersk\u00fd titul v oboru pr\u00e1vo na Univerzit\u011b Karlov\u011b v Praze, jedn\u00e9 z nejuzn\u00e1van\u011bj\u0161\u00edch pr\u00e1vn\u00edch instituc\u00ed ve st\u0159edn\u00ed Evrop\u011b. Krom\u011b pr\u00e1ce s klienty p\u0159isp\u00edv\u00e1 pr\u00e1vnick\u00e9 komunit\u011b publika\u010dn\u00ed a p\u0159edn\u00e1\u0161kovou \u010dinnost\u00ed. Klienti maj\u00ed prosp\u011bch z poradce, kter\u00fd kombinuje odbornou hloubku s \u00fasil\u00edm o udr\u017een\u00ed aktu\u00e1ln\u00edho stavu v\u00fdvoje pr\u00e1va.   <\/p>\n","protected":false},"featured_media":14620,"template":"","meta":{"_acf_changed":false},"locations":[143],"class_list":["post-14617","team","type-team","status-publish","has-post-thumbnail","hentry","locations-ceska-republika"],"acf":[],"_links":{"self":[{"href":"https:\/\/lynx.legal\/cs\/wp-json\/wp\/v2\/team\/14617","targetHints":{"allow":["GET"]}}],"collection":[{"href":"https:\/\/lynx.legal\/cs\/wp-json\/wp\/v2\/team"}],"about":[{"href":"https:\/\/lynx.legal\/cs\/wp-json\/wp\/v2\/types\/team"}],"wp:featuredmedia":[{"embeddable":true,"href":"https:\/\/lynx.legal\/cs\/wp-json\/wp\/v2\/media\/14620"}],"wp:attachment":[{"href":"https:\/\/lynx.legal\/cs\/wp-json\/wp\/v2\/media?parent=14617"}],"wp:term":[{"taxonomy":"locations","embeddable":true,"href":"https:\/\/lynx.legal\/cs\/wp-json\/wp\/v2\/locations?post=14617"}],"curies":[{"name":"wp","href":"https:\/\/api.w.org\/{rel}","templated":true}]}}

https://lynx.legal/cs/tým/eva-dvorakova/

Eva Dvořáková

<p class="wp-block-paragraph">Eva Dvořáková poskytuje klientům poradenství v celém spektru otázek obchodního a korporátního práva. Její praxe se zaměřuje na strukturování společností, transakční činnost a průběžné potřeby dodržování předpisů pro podniky působící na českém trhu. Její přístup je praktický a zaměřený na řešení, která klientům pomáhají orientovat se v regulačních požadavcích a zároveň dosahovat jejich obchodních cílů. Její trojjazyčné schopnosti zajišťují jasnou komunikaci se zúčastněnými stranami napříč různými trhy.   </p>

<p class="wp-block-paragraph">Od svého nástupu do pražské kanceláře v roce 2016 získala Eva silné zkušenosti s podporou domácích i mezinárodních klientů v rámci firemních transformací. Získala magisterský titul v oboru právo na Univerzitě Karlově v Praze, jedné z nejuznávanějších právních institucí ve střední Evropě. Kromě práce s klienty přispívá právnické komunitě publikační a přednáškovou činností. Klienti mají prospěch z poradce, který kombinuje odbornou hloubku s úsilím o udržení aktuálního stavu vývoje práva.   </p>
